266?
3
Calculate the highest common divisor of 74 and 7918.
74
Calculate the highest common divisor of 16904 and 8.
8
Calculate the greatest common factor of 936 and 54.
18
What is the greatest common divisor of 598 and 26?
26
What is the highest common divisor of 992 and 31?
31
What is the highest common divisor of 252 and 8?
4
What is the highest common divisor of 3647 and 21?
7
Calculate the greatest common factor of 304 and 2489.
19
Calculate the highest common divisor of 42282 and 162.
162
Calculate the highest common factor of 112 and 196.
28
What is the greatest common factor of 10 and 17230?
10
Calculate the greatest common divisor of 182 and 104.
26
Calculate the greatest common factor of 132 and 33.
33
Calculate the greatest common divisor of 35 and 28.
7
What is the highest common factor of 65 and 299?
13
Calculate the highest common divisor of 44 and 1782.
22
What is the greatest common factor of 12 and 894?
6
Calculate the greatest common factor of 15 and 405.
15
Calculate the highest common factor of 28 and 42.
14
What is the greatest common factor of 312 and 3900?
156
What is the greatest common divisor of 1457 and 31?
31
Calculate the highest common divisor of 78 and 258.
6
Calculate the highest common factor of 477 and 81.
9
Calculate the greatest common factor of 1364 and 99.
11
Calculate the highest common factor of 5 and 285.
5
What is the greatest common divisor of 2 and 280?
2
What is the highest common factor of 231 and 528?
33
What is the highest common divisor of 121 and 319?
11
What is the highest common divisor of 15 and 75?
15
What is the highest common factor of 2835 and 70?
35
What is the greatest common factor of 10 and 1710?
10
What is the greatest common divisor of 76 and 266?
38
Calculate the highest common divisor of 158 and 11218.
158
Calculate the greatest common factor of 20 and 7660.
20
What is the highest common divisor of 170 and 40?
10
What is the greatest common factor of 18 and 306?
18
What is the greatest common divisor of 4026 and 99?
33
What is the highest common divisor of 5278 and 455?
91
Calculate the highest common factor of 135 and 975.
15
Calculate the highest common factor of 7 and 5.
1
What is the greatest common divisor of 786 and 12?
6
Calculate the greatest common factor of 1242 and 594.
54
Calculate the greatest common factor of 434 and 2674.
14
Calculate the highest common factor of 672 and 196.
28
Calculate the greatest common factor of 121 and 44.
11
What is the greatest common factor of 1479 and 348?
87
What is the highest common divisor of 396 and 36?
36
What is the greatest common factor of 147 and 1519?
49
Calculate the highest common divisor of 80 and 280.
40
What is the highest common factor of 1746 and 288?
18
Calculate the greatest common divisor of 12 and 1176.
12
What is the greatest common divisor of 25 and 55?
5
What is the greatest common factor of 555 and 15?
15
Calculate the highest common factor of 221 and 39.
13
Calculate the greatest common factor of 126 and 54.
18
What is the greatest common factor of 32 and 128?
32
Calculate the highest common divisor of 13 and 1.
1
Calculate the greatest common factor of 450 and 300.
150
What is the greatest common factor of 375 and 75?
75
What is the highest common factor of 1376 and 8?
8
Calculate the highest common divisor of 48 and 336.
48
What is the greatest common factor of 684 and 1064?
76
Calculate the greatest common factor of 6526 and 52.
26
What is the greatest common divisor of 196 and 756?
28
Calculate the highest common divisor of 252 and 24.
12
Calculate the highest common divisor of 266 and 342.
38
What is the greatest common divisor of 1350 and 20?
10
What is the greatest common factor of 15 and 795?
15
Calculate the greatest common divisor of 2 and 2.
2
What is the highest common divisor of 1133 and 11?
11
Calculate the highest common divisor of 14 and 4809.
7
What is the highest common factor of 324 and 184?
4
Calculate the highest common divisor of 1696 and 96.
32
Calculate the greatest common divisor of 197 and 3.
1
Calculate the highest common factor of 1118 and 104.
26
What is the highest common divisor of 1300 and 13?
13
Calculate the greatest common divisor of 114 and 5358.
114
What is the highest common divisor of 721 and 1133?
103
What is the greatest common factor of 10 and 80?
10
What is the greatest common divisor of 46 and 30199?
23
What is the highest common factor of 4448 and 139?
139
What is the highest common divisor of 814 and 888?
74
Calculate the greatest common factor of 5496 and 24.
24
Calculate the highest common factor of 1887 and 777.
111
Calculate the highest common divisor of 51 and 765.
51
Calculate the greatest common divisor of 15 and 44760.
15
Calculate the highest common divisor of 11373 and 17.
17
What is the greatest common divisor of 28 and 42?
14
What is the greatest common factor of 252 and 5628?
84
What is the highest common factor of 47 and 3713?
47
Calculate the greatest common factor of 192 and 7440.
48
Calculate the greatest common divisor of 580 and 116.
116
What is the greatest common divisor of 5 and 6?
1
Calculate the highest common factor of 77 and 440.
11
Calculate the highest common divisor of 24 and 40164.
12
Calculate the greatest common divisor of 27835 and 190.
95
Calculate the greatest common factor of 39 and 221.
13
Calculate the greatest common factor of 32 and 200.
8
Calculate the highest common factor of 26 and 949.
13
Calculate the greatest common divisor of 408 and 108.
12
Calculate the highest common divisor of 404 and 32118.
202
Calculate the greatest common divisor of 88 and 2013.
11
Calculate the highest common factor of 1090 and 20.
10
What is the highest common divisor of 588 and 24?
12
Calculate the greatest common divisor of 78 and 11570.
26
Calculate the highest common factor of 565 and 20.
5
Calculate the highest common factor of 1944 and 12.
12
What is the highest common divisor of 1463 and 22?
11
Calculate the highest common divisor of 228 and 2660.
76
Calculate the highest common divisor of 40 and 40.
40
What is the greatest common factor of 693 and 63?
63
What is the greatest common factor of 81 and 3?
3
What is the highest common factor of 60 and 5412?
12
What is the greatest common factor of 55 and 11?
11
Calculate the highest common factor of 28 and 315.
7
Calculate the greatest common divisor of 65 and 3475.
5
Calculate the highest common divisor of 39 and 10413.
39
What is the greatest common factor of 48 and 732?
12
Calculate the greatest common factor of 912 and 48.
48
Calculate the highest common divisor of 220 and 20.
20
Calculate the highest common factor of 33 and 48.
3
Calculate the highest common divisor of 4692 and 51.
51
Calculate the greatest common divisor of 57 and 912.
57
What is the highest common factor of 1744 and 16?
16
What is the highest common divisor of 231 and 105?
21
Calculate the greatest common factor of 25540 and 60.
20
Calculate the greatest common divisor of 1632 and 714.
102
What is the greatest common factor of 608 and 32?
32
Calculate the greatest common divisor of 166 and 1909.
83
What is the greatest common divisor of 14858 and 46?
46
Calculate the greatest common divisor of 196 and 532.
28
Calculate the greatest common factor of 72 and 12.
12
What is the highest common factor of 218 and 109?
109
Calculate the greatest common divisor of 24810 and 30.
30
Calculate the greatest common factor of 4455 and 15.
15
What is the greatest common factor of 30870 and 60?
30
What is the highest common divisor of 142 and 284?
142
What is the greatest common divisor of 5291 and 1430?
143
What is the highest common divisor of 114 and 48?
6
What is the greatest common divisor of 7325 and 50?
25
Calculate the greatest common factor of 7847 and 57.
19
What is the greatest common divisor of 65 and 3185?
65
Calculate the greatest common divisor of 31 and 341.
31
What is the greatest common factor of 39 and 6?
3
Calculate the highest common divisor of 39 and 1378.
13
Calculate the highest common factor of 540 and 36.
36
What is the greatest common divisor of 266 and 14592?
38
Calculate the greatest common divisor of 9082 and 152.
38
What is the highest common divisor of 2132 and 52?
52
What is the highest common fac